Odaberi godišnji ili mjesečni izvještaj
V/Λ2017 > Sij Velj Ožu Tra Svi Lip Srp Kol Ruj Lis Stu Pro
V/Λ2016 > Sij Velj Ožu Tra Svi Lip Srp Kol Ruj Lis Stu Pro
V/Λ2015 > Sij Velj Ožu Tra Svi Lip Srp Kol Ruj Lis Stu Pro
V/Λ2014 > Sij Velj Ožu Tra Svi Lip Srp Kol Ruj Lis Stu Pro

Izvještaj za 2017 Lip
                   Monthly Climatological Summary for lip 2017

Name: www.vrijemeusibeniku.com   City: Šibenik   State: Republika Hrvatska
Elevation: 80 m  Lat: N 43° 44' 13"   Lon: E 015° 54' 58"

                  Temperature (°C), Rain (mm), Wind Speed (km/h)

                                      Heat  Cool        Avg
    Mean                              Deg   Deg         Wind                 Dom
Day Temp  High   Time   Low    Time   Days  Days  Rain  Speed High   Time    Dir
----------------------------------------------------------------------------------
 1  23,1  26,4   13:57  18,5   05:29   0,0   4,8   0,0   4,2  24,8   14:11    SW
 2  23,7  27,3   09:50  18,7   04:45   0,0   5,4   0,0   4,8  28,1   12:07    SW
 3  23,6  27,2   11:55  19,3   05:01   0,0   5,3   0,0   4,2  31,7   14:09   WNW
 4  24,2  28,6   09:48  18,9   06:04   0,0   5,9   0,0   5,7  28,4   12:02    SW
 5  24,2  28,8   09:44  19,9   03:48   0,0   5,9   0,0   9,2  46,4   06:23    SE
 6  24,6  28,4   13:27  21,0   05:37   0,0   6,3   0,0  12,2  41,8   14:50   SSE
 7  24,4  27,8   16:05  20,3   23:53   0,0   6,1   0,0  10,6  49,3   23:46     N
 8  22,1  26,7   17:58  16,9   04:17   0,2   3,9   0,0  22,1  56,5   04:39   NNE
 9  22,7  26,5   18:36  18,4   05:00   0,0   4,4   0,0   6,2  31,3   00:14     W
10  22,4  26,8   18:35  17,9   04:34   0,0   4,1   0,0   3,6  28,1   23:57   WNW
11  24,5  29,0   18:08  19,6   05:39   0,0   6,2   0,0  16,6  46,1   09:28   NNE
12  24,9  28,9   18:36  19,5   05:55   0,0   6,6   0,0   6,2  29,5   15:54    SW
13  25,3  29,3   18:31  18,9   04:42   0,0   7,1   0,0   4,4  25,6   12:51   WNW
14  26,2  30,2   13:46  21,7   04:44   0,0   7,9   0,5   4,6  31,3   22:18   WNW
15  23,4  27,1   17:58  21,3   10:58   0,0   5,1   2,1   6,4  32,0   10:04   NNE
16  25,0  28,1   12:47  20,9   02:37   0,0   6,8   0,0   5,0  27,7   13:56   WNW
17  25,0  28,3   16:19  21,6   23:59   0,0   6,5   0,0  18,0  50,8   08:29    NE
18  21,7  24,5   18:25  18,4   05:48   0,0   3,4   0,0  19,5  63,7   07:35   NNE
19  24,9  29,2   12:00  21,4   05:19   0,0   6,6   0,0  14,9  46,4   04:14   NNW
20  25,5  29,1   19:03  21,6   03:35   0,0   7,1   0,0   6,8  31,7   13:04    SW
21  25,6  29,9   18:03  19,8   05:29   0,0   7,3   0,0   4,6  29,2   12:55     W
22  26,7  31,6   18:55  21,9   03:44   0,0   8,4   0,0   5,1  28,8   14:22    SW
23  26,5  31,1   18:57  21,3   05:03   0,0   8,2   0,0   6,7  33,1   12:20   SSW
24  28,0  32,5   18:05  23,6   05:31   0,0   9,7   0,0   4,8  28,4   13:28   SSW
25  28,6  34,5   09:39  21,8   22:58   0,0  10,3   3,6  10,6  51,5   21:42    SW
----------------------------------------------------------------------------------
    24,7  34,5    25    16,9     8     0,2 159,3   6,2   8,7  63,7    18     NNW

Max >=  30,0:  5
Max <=   0,0:  0
Min <=   0,0:  0
Min <= -10,0:  0
Max Rain: 3,6 on day 25
Days of Rain: 3 (>= 0,0 mm)  1 (>= 2,2 mm)  0 (>= 70,0 mm)
Heat Base: 18,3  Cool Base: 18,3  Method: Integration